92801 prime?
True
Is 4649459761 a composite number?
True
Is 81903791 a composite number?
True
Is 23952865889 composite?
True
Is 1476588893 a composite number?
True
Is 11249367787 a composite number?
True
Is 332773159 prime?
True
Is 14359187 composite?
False
Is 4801638557 composite?
True
Is 50914351193 composite?
False
Is 15292335011 composite?
False
Is 113414570687 composite?
True
Is 31942155599 a composite number?
True
Is 518326247 prime?
False
Is 484776863 a prime number?
False
Is 31702621337 composite?
False
Is 58603406809 a composite number?
False
Is 3799661581 prime?
True
Is 38279379727 prime?
False
Is 890973253 prime?
False
Is 11352427127 composite?
True
Is 936716497 a prime number?
True
Is 1149568801 composite?
True
Is 323145227 a composite number?
False
Is 1178465327 prime?
False
Is 718222451 a composite number?
True
Is 48397914847 a composite number?
False
Is 8741488421 prime?
False
Is 3856083833 a composite number?
True
Is 4006943317 prime?
False
Is 867972143 composite?
False
Is 411227309 prime?
True
Is 16185779587 composite?
False
Is 3238694737 composite?
False
Is 268561043 composite?
False
Is 3230429569 a composite number?
False
Is 733455937 prime?
True
Is 1533059323 a prime number?
True
Is 4119711837 a composite number?
True
Is 5630599363 a prime number?
False
Is 173647277 a prime number?
False
Is 218070497 composite?
True
Is 16371056861 a prime number?
False
Is 1924488751 a composite number?
True
Is 15409536767 prime?
False
Is 6834666283 composite?
False
Is 5658757463 composite?
True
Is 87361694647 a prime number?
True
Is 10413445037 a prime number?
False
Is 5124291899 a prime number?
True
Is 42170930657 a prime number?
True
Is 107055997 prime?
True
Is 18323231021 a composite number?
False
Is 5513143403 prime?
True
Is 25037603 prime?
True
Is 326872373 prime?
False
Is 109428413 a composite number?
True
Is 8393157443 composite?
True
Is 4208970751 a composite number?
False
Is 8006184653 a composite number?
True
Is 1280421463 a prime number?
True
Is 899112301 a composite number?
False
Is 60156825103 prime?
False
Is 242228057 composite?
False
Is 9017667457 a composite number?
True
Is 2303831093 prime?
False
Is 295564718 a composite number?
True
Is 3824519221 prime?
True
Is 2613756421 a prime number?
False
Is 1002178651 a composite number?
False
Is 2065027373 a prime number?
False
Is 3943544299 composite?
False
Is 7793353201 prime?
True
Is 7431247283 composite?
True
Is 27591508619 composite?
False
Is 24772278631 a composite number?
True
Is 40618166483 a prime number?
True
Is 10830574241 composite?
True
Is 47336676521 composite?
False
Is 3036108259 a prime number?
True
Is 16136482799 a prime number?
True
Is 1254647333 prime?
True
Is 251414342017 a prime number?
True
Is 11089192967 prime?
True
Is 1106282713 a composite number?
True
Is 14980093 a prime number?
True
Is 413194229 composite?
True
Is 1037599577 a composite number?
True
Is 2655963593 a prime number?
False
Is 3140858729 composite?
False
Is 3425651473 prime?
True
Is 32980809079 prime?
False
Is 2355319691 composite?
False
Is 5844106435 composite?
True
Is 609799013 composite?
False
Is 4429610951 a prime number?
True
Is 4521011267 composite?
False
Is 14214836199 a prime number?
False
Is 5638431 composite?
True
Is 4745219597 prime?
False
Is 596353529 composite?
False
Is 87379583 prime?
True
Is 80624647 composite?
True
Is 6302780503 a prime number?
False
Is 3652177897 prime?
False
Is 484920389 composite?
False
Is 2049761513 a prime number?
True
Is 21906748577 a prime number?
False
Is 459800219 composite?
False
Is 6921732599 a composite number?
False
Is 33876280091 prime?
True
Is 29238759701 prime?
False
Is 225953461 composite?
True
Is 2631786127 a prime number?
True
Is 3625981253 composite?
False
Is 23236205649 a composite number?
True
Is 6182712457 a prime number?
False
Is 60434786 a composite number?
True
Is 8677818967 prime?
False
Is 1099790893 a composite number?
False
Is 24585574729 a prime number?
False
Is 30760887653 composite?
True
Is 2688004882 prime?
False
Is 1096464193 prime?
False
Is 44957122537 a composite number?
False
Is 31456476163 prime?
False
Is 7776934679 prime?
True
Is 46479700934 a composite number?
True
Is 43771409681 composite?
False
Is 5180432021 a prime number?
True
Is 67240332337 prime?
False
Is 289770953 composite?
True
Is 250679327 prime?
True
Is 4324546 prime?
False
Is 23325359 composite?
False
Is 738655997 a prime number?
False
Is 19657934711 prime?
False
Is 4136483189 a composite number?
True
Is 6417908821 composite?
False
Is 47945777507 a prime number?
True
Is 604706569 prime?
True
Is 16257160303 composite?
True
Is 7956732206 prime?
False
Is 295516650557 a composite number?
False
Is 482035691 prime?
True
Is 883082149 prime?
False
Is 4638920647 a composite number?
True
Is 5113124881 prime?
False
Is 1355575411 a prime number?
False
Is 1806995299 a prime number?
False
Is 686338769 composite?
False
Is 154726399 a composite number?
True
Is 101465743 a prime number?
True
Is 4927672483 a composite number?
False
Is 67081519079 composite?
True
Is 45508812827 prime?
True
Is 6928204765 prime?
False
Is 3224856577 a composite number?
False
Is 99529093 prime?
False
Is 43402730233 a composite number?
False
Is 10294481339 prime?
False
Is 37080981803 a prime number?
False
Is 23807695411 a prime number?
True
Is 964878703 a prime number?
True
Is 23496751703 a prime number?
False
Is 295518763 a composite number?
True
Is 20041911347 prime?
False
Is 375716023 a prime number?
False
Is 1807209571 composite?
False
Is 1569316663 prime?
True
Is 154908079 composite?
False
Is 64787646677 composite?
True
Is 3542485757 composite?
True
Is 16245537937 a composite number?
False
Is 473153039 composite?
False
Is 25396058729 prime?
False
Is 242412712361 prime?
True
Is 358783741 prime?
True
Is 14327577967 prime?
True
Is 485597009 a prime number?
True
Is 59772779051 prime?
False
Is 580319143 composite?
False
Is 8232978613 prime?
False
Is 1077377 composite?
True
Is 5866558147 composite?
False
Is 7340641421 a composite number?
False
Is 3310505057 composite?
False
Is 4833361 composite?
True
Is 42055787 prime?
True
Is 3184854529 a prime number?
True
Is 3174976859 a prime number?
False
Is 1399792519 a prime number?
False
Is 1943242663 composite?
True
Is 1956198133 composite?
True
Is 577108283 composite?
True
Is 31573316107 a prime number?
True
Is 42614807549 composite?
False
Is 1070628239 prime?
False
Is 2066079863 a prime number?
True
Is 2254383163 prime?
True
Is 25778973239 a composite number?
False
Is 130842531511 composite?
True
Is 1789667531 composite?
False
Is 1691021823 a prime number?
False
Is 35839353409 a prime number?
False
Is 668359477 composite?
True
Is 24750763 a composite number?
True
Is 184873396691 prime?
False
Is 8859637117 a composite number?
True
Is 1184324113 composite?
True
Is 1408613699 a prime number?
True
Is 16109194177 a composite number?
False
Is 59243742287 a prime number?
True
Is 728263478 a prime number?
False
Is 3092989661 a prime number?
True
Is 6161577071 prime?
False
Is 1014030461 prime?
False
Is 1495462651 prime?
False
Is 1844277553 prime?
False
Is 23397199 a prime number?
False
Is 358080089 composite?
False
Is 18695697871 a composite number?
True
Is 1885691491 a composite number?
False
Is 10474416373 composite?
False
Is 82629457631 a composite number?
True
Is 118329581 a prime number?
False
Is 10449071231 a prime number?
True
Is 5590268737 a prime number?
False
Is 82616783 composite?
True
Is 4083199723 a composite number?
True
Is 13038127 a composite number?
True
Is 15835889537 a prime number?
False
Is 7741222081 composite?
False
Is 191521606217 a prime number?
True
Is 210325679 a composite number?
True
Is 43615346245 composite?
True
Is 537567689 a prime number?
True
Is 10972066687 a composite number?
False
Is 538478907 composite?
True
Is 1953072631 prime?
False
Is 1692158807 a prime number?
True
Is 60036479 composite?
False
Is 18905304881 a prime number?
True
Is 915637621 a composite number?
True
Is 195970013 a prime number?
True
Is 44658397637 a prime number?
False
Is 2918004251 a prime number?
True
Is 5351550209 prime?
False
Is 1152248197 a prime number?
False
Is 4526880469 composite?
False
Is 31344025759 composite?
True
Is 1149827911 composite?
True
I